 = p + 55. Calculate the remainder when a(-15) is divided by 16.
8
Let y(v) = v - 2. Let r be y(2). Suppose -6*g + g - 2*k = -126, r = 2*g + 3*k - 46. What is the remainder when g is divided by 18/(-30) + 106/10?
6
Suppose 3*n + 0*n = 5*h - 180, 2*n = 0. Let b be h*-1 + (3 - 5). Let f = -15 - b. Calculate the remainder when 90 is divided by f.
21
Let g = -468 + 507. Calculate the remainder when 389 is divided by g.
38
Suppose -2*s + 5*k - 16 = 7, s + k - 6 = 0. Calculate the remainder when 14 is divided by s.
0
Suppose 3*t = 2*z - z + 83, 4*z = -8. Let o = 11 + -8. Suppose -5*h = 3*m - 159, 106 = -m + o*m - 5*h. Calculate the remainder when m is divided by t.
26
Let s(f) = -6*f - 2. Let d(p) = p - 14. Let q be d(7). Calculate the remainder when s(q) is divided by 7 + -7 - (-15 + 1).
12
Let m = 39 + -86. Suppose -3*f - 3*q = -4*f + 33, 2*f + 4*q = 66. What is the remainder when f is divided by m/(-4) + 4*(-2)/(-32)?
9
Let d(n) = -27*n**3 - n**2 + n + 1. Let t be d(-1). Suppose 3 = -m + t. Calculate the remainder when m is divided by 8.
7
Suppose 902 = 5*q - 2*t, -4*t = -5*q - 0*q + 904. Let g be q/24 - (-3)/(-2). Let z = 25 + g. What is the remainder when z is divided by 17?
14
Suppose -16*a + 1205 = -15*a - 2*b, -4*a + 4808 = -5*b. What is the remainder when a is divided by 28?
21
Let u(p) = p**3 - 5*p**2 - 8*p - 1. Let n be u(6). Let f be (n*(2 - 3))/1. Suppose -3 + f = 2*a. Calculate the remainder when 6 is divided by a.
1
Let b(u) = u + 13. Let g be b(-9). Suppose -2*m + q + 230 = 0, -5*q - 194 = -g*m + 266. Calculate the remainder when m is divided by 9.
7
Let r(x) = 2*x**3 - 12*x**2 - 2*x + 15. Let n be (-4)/5*5*-1. Suppose -3*l - 27 = -4*t, -2*t - n*l = l - 7. What is the remainder when t is divided by r(6)?
0
Let c(v) = 3*v**2 + 1. Suppose -8*t + 265 = -3*t. Suppose 0*k + 4*k = -2*b + 46, b = -5*k + t. Calculate the remainder when c(-3) is divided by k.
8
Suppose -14 = -3*w - 5. Let j(r) = 3*r**3 + r**2 + 6*r - 14. Calculate the remainder when j(w) is divided by 25.
19
Let f(z) = 3*z + 54. Let v be f(-18). What is the remainder when 91 is divided by v + (19 - (-1 + -4))?
19
Calculate the remainder when 489 is divided by ((-224)/(-105) - 2) + (-356)/(-30).
9
Suppose 5*o = 2*q - 213, -4*q + 496 = 15*o - 11*o. What is the remainder when q is divided by 10/(-35) + 214/14?
14
Suppose 0*z + z - 5 = 0. Let x = 406 - 378. Calculate the remainder when x is divided by z.
3
Let z(l) = -9*l - 13. Let g(y) = -y**2 - 7*y - 5. Let d be g(-5). Suppose -9 = -d*f + 1, -a + 5*f = -33. What is the remainder when a is divided by z(-4)?
20
Let u(q) = -3*q**2 + 3*q - 148. Let p be u(0). Let i = p + 319. Calculate the remainder when i is divided by 44.
39
Suppose 287 = 6*w + 185. Calculate the remainder when 65 is divided by w.
14
Let y(m) = -m**3 - 38*m**2 - 73*m + 27. What is the remainder when 116 is divided by y(-36)?
53
Let f = 1325 + -1299. Calculate the remainder when f is divided by 13.
0
Suppose -5*a - 32 = z, 6*z - 10*z = -3*a + 13. Let r = 85 - 35. What is the remainder when r is divided by 1/1*(z + 24)?
16
Let y(k) = 74*k**3 + 2*k**2 - 1. Let d = 6 + -4. Let m(n) = 10*n - 1. Calculate the remainder when y(1) is divided by m(d).
18
Let y(s) = -35*s - 101. Calculate the remainder when y(-4) is divided by 4.
3
Let y(b) = -21*b - 15. What is the remainder when y(-10) is divided by 18?
15
Let i = 697 + -673. What is the remainder when 643 is divided by i?
19
Let m = 8 + -4. Suppose -60 = -4*q - m*a, -2*q - 2*a = -q - 10. Let i(k) = -3*k**3 - 2*k**2 - 4. Calculate the remainder when i(-3) is divided by q.
19
Suppose -755*l + 762*l - 630 = 0. Calculate the remainder when l is divided by 13.
12
Suppose -93 = -3*t - 0*t. Let m = 37 + -37. Suppose 2*k + 9 - 25 = m. Calculate the remainder when t is divided by k.
7
Let v(p) = -5 - 5 + 2*p + 7 + 0*p. Let m be v(3). Suppose -43 = -5*r - 2*t, -2*r + m*t + 9 = r. Calculate the remainder when 25 is divided by r.
4
Suppose 0 = -2*i - 4*c + 94, -3*i - c = -6*c - 152. Calculate the remainder when i is divided by 23.
3
Suppose 0 = -x + 2*r + 2*r + 14, -4*x + r - 4 = 0. Calculate the remainder when 10 is divided by (-12)/(x + -1) - 0.
2
What is the remainder when 6 is divided by 0 - (-5)/10*(-2 - -4)?
0
Calculate the remainder when 275 is divided by (-79)/((8/20)/(4/(-10))).
38
Suppose -115 - 110 = -5*c. What is the remainder when c is divided by 13?
6
Suppose -9*s + 18*s - 162 = 0. Calculate the remainder when 73 is divided by s.
1
What is the remainder when (-30)/9*(-12)/1 is divided by 15?
10
Let s = 476 + -422. Suppose 3*h - h - 28 = 0. Calculate the remainder when s is divided by h.
12
Let h = 556 + -464. What is the remainder when 449 is divided by h?
81
Let i(c) be the first derivative of -1 + 4*c**2 + 2*c - 1/3*c**3. What is the remainder when 6 is divided by i(8)?
0
Let i = -194 + 217. Suppose 2*l - 5 = -5*q + 3, 2*q - 3*l = -12. Suppose q = 3*p - p - 12. What is the remainder when i is divided by p?
5
Calculate the remainder when (-3)/((-7)/((-38948)/(-39))) is divided by 115.
83
Let x(k) = -4*k**2 - 63*k + 9. Calculate the remainder when x(-10) is divided by 40.
39
Let d(r) = -4*r + 29. Let g(y) = -2*y. Let w be g(1). What is the remainder when w - 24/(-1) - -2 is divided by d(4)?
11
Let f(o) = o**3 + 9*o**2 + 7*o + 2. Calculate the remainder when f(-6) is divided by 0/(-2) + 69/3.
22
Let v = 325 + -312. What is the remainder when 20 is divided by v?
7
Suppose 2*d = 4*j - 70, 0 = -3*j - 3*d + 8 + 22. What is the remainder when 42 is divided by j?
12
Let y(p) = 8*p - 7. Suppose -j + 5 = 3*q, j = 4*j - 5*q - 43. Calculate the remainder when y(4) is divided by -45*(-3)/(j - 2).
10
Suppose 0 = -3*y + 3*z + 249, 4*y - 307 = -z - 0*z. What is the remainder when y is divided by 20?
18
Let c(i) = -i**2. Let q(a) = -7*a**2 - 5*a - 4. Let r(z) = 5*c(z) - q(z). Let j be r(-2). Let l = j + 16. Calculate the remainder when l is divided by 3.
0
What is the remainder when ((-33)/(-4))/(24/352) is divided by 22?
11
Suppose -27*p + 5394 = 4*p. Calculate the remainder when p is divided by 8.
6
Let r(a) = a**2 - 8*a + 10. Let y be r(6). Let s be y + 0 - 27/(-1). Let g = s + -22. Calculate the remainder when 10 is divided by g.
1
Suppose k = -2*t + 75, -k + 2*t = -3*t - 68. Suppose 0 = -5*j + 4*j + 19. Calculate the remainder when k is divided by j.
16
Calculate the remainder when 94 is divided by (-2*(-1)/6)/((-10)/(-960)).
30
Let c(j) = j**3 + 5*j**2 + 5*j + 2. Let h be c(-3). Suppose h*b = 4*b + 31. Let y = 1 + 15. Calculate the remainder when b is divided by y.
15
Suppose -a + 5*u = -19, a + 13 = 2*a - 2*u. Let b = 14 + a. Calculate the remainder when b is divided by 6.
5
Suppose -5*c - 26 = -3*x, -3*c - 8 = x + 2. Suppose -108 = -6*n + x*n. Suppose 0 = l + 3, 0*m + 222 = 3*m + 4*l. Calculate the remainder when m is divided by n.
24
Suppose -f = -5*j - 11, -2*f + 92 = 2*f - 4*j. What is the remainder when 281 is divided by f?
21
Let n be 23 + 4 + 4/(-2) - 1. Suppose 0 = -3*k + 15 + n. What is the remainder when 21 is divided by k?
8
Suppose -462 - 358 = -10*r. Suppose -4*y = 3*q - 63, q = 4*q + 3*y - 63. Calculate the remainder when r is divided by q.
19
Calculate the remainder when 3/(-27) - 82/(-9) is divided by 2.
1
Suppose 1675 = 74*q - 69*q. What is the remainder when q is divided by 34?
29
Let u(a) = -2*a**2 - 17*a - 22. Calculate the remainder when 24 is divided by u(-4).
10
Let c(m) = -13 + 126*m + 121*m - 2*m**2 - 221*m. What is the remainder when c(11) is divided by 18?
13
Let q = -30 - -41. Let p be 3906/81 - 4/18. Let x = 91 - p. What is the remainder when x is divided by q?
10
What is the remainder when 109 is divided by (-6)/(54/(-423))*1?
15
Suppose 4*n + 2*f = 46, f - 65 = -4*n - n. What is the remainder when 132 is divided by n?
6
Suppose 8*g = -510 + 1798. What is the remainder when g is divided by 15?
11
Suppose 2*z - 48 = -10. What is the remainder when 130 is divided by z?
16
Suppose 2209*g - 2219*g + 40 = 0. Calculate the remainder when g is divided by 3.
1
Let v(o) = -3*o**2 + 11*o. Let k be v(5). Let b = k + 54. What is the remainder when 64 is divided by b?
30
Suppose -32 = -5*a + 33. Suppose 0 = 2*d + 1230 - 4416. What is the remainder when (-3)/(-5) - d/(-45) is divided by a?
10
Let f(w) = 91